{"id":60,"date":"2021-05-25T20:25:21","date_gmt":"2021-05-25T18:25:21","guid":{"rendered":"https:\/\/www.waope.cz\/?page_id=60"},"modified":"2026-01-16T21:05:50","modified_gmt":"2026-01-16T20:05:50","slug":"aktuality","status":"publish","type":"page","link":"https:\/\/www.waope.cz\/?page_id=60","title":{"rendered":"Aktuality"},"content":{"rendered":"\n<p><\/p>\n\n\n\n<p><\/p>\n\n\n\n<p><\/p>\n\n\n\n<p><\/p>\n\n\n\n<p><\/p>\n\n\n\n<p><\/p>\n\n\n\n<p><\/p>\n\n\n\n<p><\/p>\n\n\n\n<div class=\"wp-block-columns is-layout-flex wp-container-core-columns-is-layout-9d6595d7 wp-block-columns-is-layout-flex\">\n<div class=\"wp-block-column is-layout-flow wp-block-column-is-layout-flow\">\n<figure class=\"wp-block-image size-full\"><img loading=\"lazy\" decoding=\"async\" width=\"1131\" height=\"1600\" src=\"https:\/\/www.waope.cz\/wp-content\/uploads\/2026\/01\/IMG_20240426_171152_832.jpg\" alt=\"\" class=\"wp-image-737\" srcset=\"https:\/\/www.waope.cz\/wp-content\/uploads\/2026\/01\/IMG_20240426_171152_832.jpg 1131w, https:\/\/www.waope.cz\/wp-content\/uploads\/2026\/01\/IMG_20240426_171152_832-212x300.jpg 212w, https:\/\/www.waope.cz\/wp-content\/uploads\/2026\/01\/IMG_20240426_171152_832-724x1024.jpg 724w, https:\/\/www.waope.cz\/wp-content\/uploads\/2026\/01\/IMG_20240426_171152_832-768x1086.jpg 768w, https:\/\/www.waope.cz\/wp-content\/uploads\/2026\/01\/IMG_20240426_171152_832-1086x1536.jpg 1086w\" sizes=\"auto, (max-width: 1131px) 100vw, 1131px\" \/><\/figure>\n<\/div>\n\n\n\n<div class=\"wp-block-column is-layout-flow wp-block-column-is-layout-flow\">\n<p class=\"has-medium-font-size\">Letos bude t\u00e1bor jen jeden, ale del\u0161\u00ed, na p\u0159\u00e1n\u00ed d\u011bt\u00ed. Term\u00edn je 9. &#8211; 19.8.2026 pro d\u011bti ve v\u011bku 7-15 (16) let. Budou odd\u011blen\u00e9 programy pro mlad\u0161\u00ed a star\u0161\u00ed d\u011bti, n\u011bkter\u00e9 budou spole\u010dn\u00e9. Nebude chyb\u011bt celot\u00e1borov\u00e1 hra, diskot\u00e9ka, v\u00fdlety na koupali\u0161t\u011b, ve\u010der s kytarou u ohn\u011b, ve\u010dern\u00ed\/no\u010dn\u00ed bojovka a dal\u0161\u00ed obl\u00edben\u00e9 aktivity. D\u011bti maj\u00ed zak\u00e1zan\u00fd mobiln\u00ed telefon, nebudou m\u00edt ani k dispozici elekt\u0159inu. Bydl\u00ed se ve stanech s podsadou. Jako vedouc\u00ed jezd\u00ed zku\u0161en\u00ed absolventi na\u0161ich t\u00e1bor\u016f. Zdravotn\u00ed dozor zaji\u0161\u0165uje zku\u0161en\u00fd zdravotn\u00edk. Kuchy\u0148 n\u00e1m va\u0159\u00ed dv\u011b tepl\u00e1 j\u00eddla denn\u011b plus dv\u011b sva\u010dinky a p\u0159\u00edpadn\u011b druhou ve\u010de\u0159i. Uv\u00edt\u00e1me za\u010d\u00e1te\u010dn\u00edky i pokro\u010dil\u00e9 t\u00e1born\u00edky.<\/p>\n\n\n\n<p><a href=\"https:\/\/www.waope.cz\/wp-content\/uploads\/2026\/01\/prihlaska_2026.pdf\"><strong>P\u0159ihl\u00e1\u0161ka<\/strong><\/a> k tisku [.pdf] | <a href=\"https:\/\/www.waope.cz\/wp-content\/uploads\/2026\/01\/prihlaska_2026.odt\"><strong>P\u0159ihl\u00e1\u0161ka<\/strong><\/a> k editaci [.odt]<\/p>\n\n\n\n<p><\/p>\n<\/div>\n<\/div>\n\n\n\n<p><\/p>\n\n\n\n<p>Na minul\u00e9 t\u00e1bory se pod\u00edvejte v sekci T\u00e1bor.<\/p>\n","protected":false},"excerpt":{"rendered":"<p>Letos bude t\u00e1bor jen jeden, ale del\u0161\u00ed, na p\u0159\u00e1n\u00ed d\u011bt\u00ed. Term\u00edn je 9. &#8211; 19.8.2026 pro d\u011bti ve v\u011bku 7-15 (16) let.<\/p>\n<p class=\"link-more\"><a class=\"myButt \" href=\"https:\/\/www.waope.cz\/?page_id=60\">Read More<\/a><\/p>\n","protected":false},"author":1,"featured_media":0,"parent":0,"menu_order":0,"comment_status":"closed","ping_status":"closed","template":"","meta":{"footnotes":""},"class_list":["post-60","page","type-page","status-publish","hentry"],"_links":{"self":[{"href":"https:\/\/www.waope.cz\/index.php?rest_route=\/wp\/v2\/pages\/60","targetHints":{"allow":["GET"]}}],"collection":[{"href":"https:\/\/www.waope.cz\/index.php?rest_route=\/wp\/v2\/pages"}],"about":[{"href":"https:\/\/www.waope.cz\/index.php?rest_route=\/wp\/v2\/types\/page"}],"author":[{"embeddable":true,"href":"https:\/\/www.waope.cz\/index.php?rest_route=\/wp\/v2\/users\/1"}],"replies":[{"embeddable":true,"href":"https:\/\/www.waope.cz\/index.php?rest_route=%2Fwp%2Fv2%2Fcomments&post=60"}],"version-history":[{"count":80,"href":"https:\/\/www.waope.cz\/index.php?rest_route=\/wp\/v2\/pages\/60\/revisions"}],"predecessor-version":[{"id":752,"href":"https:\/\/www.waope.cz\/index.php?rest_route=\/wp\/v2\/pages\/60\/revisions\/752"}],"wp:attachment":[{"href":"https:\/\/www.waope.cz\/index.php?rest_route=%2Fwp%2Fv2%2Fmedia&parent=60"}],"curies":[{"name":"wp","href":"https:\/\/api.w.org\/{rel}","templated":true}]}}